 - 5 - m. Calculate the remainder when o is divided by 8.
7
Calculate the remainder when 22 is divided by (-9)/2*(-28)/21.
4
Let h(u) = -3*u + 3 + 0*u + 11*u**2 + 0*u. What is the remainder when h(2) is divided by 1/2 + 108/8?
13
Let u(d) = d**2 + 2*d**2 - d - 1 - 2*d**2. Suppose g + 5*w + 3 = 0, 0*g + 5*w - 9 = 3*g. Calculate the remainder when 21 is divided by u(g).
10
Let c(l) = -l + 7. What is the remainder when 27 is divided by c(-8)?
12
Let s(y) = y**2 - 17*y + 20. What is the remainder when s(17) is divided by 11?
9
Suppose -4*x + 126 = 2*x. Calculate the remainder when (-40)/(-3)*(0 + 3) is divided by x.
19
Calculate the remainder when -1 - 4/4 - -11 is divided by 5.
4
Let h(u) = 3*u - 9. Let q = 13 - 7. Let a be h(q). Suppose -4*l + a = -39. What is the remainder when 47 is divided by l?
11
Let d(w) = -2 + 1 + 3*w - 5. Let p be d(7). Calculate the remainder when (-2)/10 + 408/p is divided by 14.
13
Let c = -162 + 276. Calculate the remainder when c is divided by 29.
27
Suppose 10*y - 2*y - 88 = 0. What is the remainder when 14 is divided by y?
3
Let o be -3 + -1*-3*2. Suppose 37 = o*u + 4*t, -u - 3*t + t + 13 = 0. Calculate the remainder when 31 is divided by u.
9
Let y = -6 - -13. Let m(d) = -d**2 - 5*d + 1. Let i be m(-6). Let a = 8 + i. Calculate the remainder when y is divided by a.
1
Let x(v) = -v**2 + 1. Let y(t) = 3*t**2. Let a(f) = -4*x(f) - y(f). What is the remainder when a(-3) is divided by 3?
2
Let n = 30 - 18. Let j = n + -1. Suppose p = 4*z - 2, 0*p + 4*p + 2*z - 28 = 0. What is the remainder when j is divided by p?
5
Suppose 0 = 4*v + 2 - 102. Calculate the remainder when v is divided by 13.
12
Let o(q) = 2*q**3 - 2*q**2 + 1. Let a be o(-1). Calculate the remainder when 39 - (a/1 - -4) is divided by 20.
18
Suppose 0 = -2*c + v + 66, 2*v + 36 = -2*c + 3*c. What is the remainder when c is divided by 23?
9
Let c = -26 + 36. Suppose 5*a - 136 = 9. Calculate the remainder when a is divided by c.
9
Suppose 13 = k - 6. Calculate the remainder when k is divided by 7 - 2/(10/(-15)).
9
Suppose 0 = 2*w - 4*w. Suppose -7*z + 609 + 434 = w. Calculate the remainder when z is divided by 38.
35
Suppose j = -j. Calculate the remainder when 250/10 - (j + 0) is divided by 14.
11
Let h = 110 - 78. What is the remainder when 93 is divided by h?
29
What is the remainder when (-10)/4*-6 - -3 is divided by ((-5)/(-10))/(1/14)?
4
Let s(f) be the third derivative of f**5/30 - f**4/6 - f**3/3 + f**2. Calculate the remainder when s(-4) is divided by ((-30)/25)/(3/(-40)).
14
Let g = 42 - -35. What is the remainder when g is divided by 14?
7
Suppose -4*a - 295 = a. Let g = 82 + a. Calculate the remainder when g is divided by (0 - -1)*24/2.
11
Suppose -5*j = 25 - 70. What is the remainder when 35 is divided by j?
8
Let x(g) = -g**3 + 23*g**2 - 19*g - 28. Suppose -3*z = -2*o + 10, o - 5*o = -z - 10. What is the remainder when x(22) is divided by (-279)/(-21) - o/7?
12
Suppose 203 - 823 = -10*z. Calculate the remainder when z is divided by 32.
30
Let z = 10 + -4. Suppose k = z - 1. Let f = 766 + -753. Calculate the remainder when f is divided by k.
3
Let q be 5/(5/(-2)) + -1. What is the remainder when 54 is divided by ((-84)/(-9))/((-2)/q)?
12
Suppose -3*m - 5*c = -45, 45 = 3*m - 2*c + 4*c. Suppose 1 = -p, 2*p + 6 = 2*b - 8. Let y = m - b. What is the remainder when 17 is divided by y?
8
Calculate the remainder when 14 is divided by 2 - 21*(35/(-15) + 2).
5
Suppose -l - 2*c + 23 = 0, 5*l + 2*c = 4*c + 139. What is the remainder when 161 is divided by l?
26
Let l = 63 + -53. Calculate the remainder when 28 is divided by l.
8
Let x(k) = k**2 + 7*k - 6. Let n be x(-10). Suppose -4*u + p + n = 0, -2*p - 6 = u - 3*u. What is the remainder when u is divided by 2?
1
Let m(a) = -a + 8. Let d be m(4). Suppose 17 = -d*g - 7. Calculate the remainder when (-3)/2*28/g is divided by 3.
1
Let k(p) = -p**2 - 10*p - 14. Let s be -7 + (1 - 1)/1. Let c = 1 + 2. Calculate the remainder when k(s) is divided by c.
1
Suppose 2*j + 0*j = -64. Let p(l) = -12*l**2 - l. Let q be p(2). Let m = j - q. Calculate the remainder when m is divided by 10.
8
Let r(k) = 2*k**2 - k - 9. Suppose 4*p + 0 = 12. Suppose -p*q = -5*q + 32. Calculate the remainder when q is divided by r(3).
4
Suppose -157 = -6*l - 19. What is the remainder when l is divided by 13?
10
Let l(z) = -z**2 - 7*z + 5. Let m be l(-7). Suppose m*h = 3*h + 6. Calculate the remainder when h is divided by 2.
1
Suppose 4*h = -11 + 35. Suppose -91 = -5*t - 21. Calculate the remainder when (273/(-28))/(h/(-16)) is divided by t.
12
Suppose -4*o - 46 = -2*c - o, 0 = 3*c - 5*o - 70. What is the remainder when 56 is divided by c?
16
Calculate the remainder when 4/(-6) - 4152/(-72) is divided by 20.
17
Let q(t) = -5*t**2 + 2*t + 5 - 3 - 3. Let c be q(1). Let i(p) = -2*p + 2. Calculate the remainder when i(c) is divided by 4.
2
Calculate the remainder when 4/(-10)*-5 - -16 is divided by 4.
2
Suppose 5*k = 4 + 6. Let p(c) = 66*c. Let u be p(k). Suppose 83 = 5*g - u. What is the remainder when g is divided by 15?
13
Suppose -4 = -4*f + 32. Calculate the remainder when 20 is divided by f.
2
Let g = 4 + 3. Calculate the remainder when 13 is divided by g.
6
Let l be (-2)/(2/3*-1). Let a(j) = 17*j - 6. Let r be a(5). Suppose u = l*h - r, 4*h = 4*u - 0*u + 108. Calculate the remainder when h is divided by 9.
8
Suppose 0 = 3*r + 2*h - 41, 4*r + h + h - 56 = 0. What is the remainder when 74 is divided by r?
14
Let u(o) = -o + 61. Calculate the remainder when u(21) is divided by 6.
4
Let w = -30 - -50. Let g(a) = a**2 - 2*a - 5. What is the remainder when g(9) is divided by w?
18
Let f(q) = 2*q**2 - 4 + q + 2 + q. Calculate the remainder when 5 is divided by f(-2).
1
Suppose -4*t = -t - 261. What is the remainder when t is divided by 47?
40
Let k(i) = 2*i**2 - i - 1. Let v be k(5). Suppose 64 = 5*j - 3*l + 4*l, -3*j + 5*l + v = 0. What is the remainder when j is divided by 7?
6
Suppose 4*w = 29 + 11. Let k = 22 - w. What is the remainder when (-279)/(-12) - 2/8 is divided by k?
11
Let h be -2 - (6 - 0)*-3. Suppose 4*l = 2*v + 22, -3*v = 5*l - l + 3. Suppose -l*z - h = -4*z. Calculate the remainder when 31 is divided by z.
15
Suppose 0*x - x - 41 = -5*o, 0 = -3*o - x + 23. Let r = -21 - -42. What is the remainder when r is divided by o?
5
Suppose 2*x = 4*x - 84. What is the remainder when 125 is divided by x?
41
Suppose 0 = b + 3*p - 23, -b + 2*p + 0*p = -48. Calculate the remainder when b is divided by 8.
6
Suppose 179*t = 176*t + 192. What is the remainder when t is divided by 24?
16
Suppose -t = 3*v - 218, -40 = -2*v + 2*t + 108. What is the remainder when v is divided by 26?
21
Let p(i) = -2*i - 17. What is the remainder when p(-13) is divided by 3?
0
Suppose 2*w = y + 4*w - 14, -y = -4*w - 8. Let k be 2 + -2 + (3 - 0). Suppose -k*h = -h - 14. Calculate the remainder when y is divided by h.
5
Let l be -4*(-1)/(8/(-6)). Calculate the remainder when 6 is divided by -1*((l - -1) + 0).
0
Suppose -4*x - 3*s - 175 = 0, s = -s - 2. Let f be x/(-2)*1*2. Let i = f - 20. Calculate the remainder when i is divided by 8.
7
Suppose -10*a + 92 = -138. What is the remainder when (-22)/(-6)*(-18)/(-1) is divided by a?
20
Let q = -104 + 159. Suppose 0*j + 3*j + 6 = 0. Let f(r) = -r**3 + 2*r**2 - 2*r - 1. Calculate the remainder when q is divided by f(j).
17
Calculate the remainder when 58 is divided by -10*(-4 + (-15)/(-6)).
13
Suppose -4*p + 54 = -2. What is the remainder when 53 is divided by p?
11
Suppose 0 = 7*b - 2*b - 40. What is the remainder when 25 is divided by b?
1
Let y(f) = -f**3 + 3*f**2 + 3*f - 5. Let o be y(5). Let g = -28 - o. Let h = -6 + 13. Calculate the remainder when g is divided by h.
5
Let v(u) = u - 3. Let y be (-2)/(-6) - (-76)/(-12). Let p be v(y). Calculate the remainder when 3/(p/57)*-1 is divided by 11.
8
Suppose 5*h = 3*r - 34, 4*h - 56 = -4*r - 0*h. What is the remainder when 37 is divided by r?
11
Suppose -7 = -2*l - 3*y + 6, 2*y = 2*l + 12. Let z(v) = -v**2 - 12*v - 11. What is the remainder when z(-9) is divided by 200/32 - l/(-4)?
4
Suppose 4*z = -z + 15. Suppose 0 = -h - 3*h + 32. What is the remainder when h is divided by 16/6 - (-1)/z?
2
Let u(x) = 18*x**2 + 3*x + 3. Suppose -c - i = -19, 2*c + 3*c = -2*i + 110. C